 0 = n + 3. Suppose 0 = -y + 20 + s. What is the tens digit of y?
6
Let u(p) = 70*p**2 - 2*p - 6. What is the units digit of u(3)?
8
Let x(y) = -y**2 - 4*y + 7. Let a be x(-5). Suppose -a*i = 23 + 5. Let c = 70 + i. What is the units digit of c?
6
Suppose -4*y = 13 - 33. Suppose -y*a - 112 = -9*a. What is the tens digit of a?
2
Let z(i) = 15*i + 5. Let j(v) = -v**2 - 3*v + 4. Let n be j(2). Let t = 8 + n. What is the tens digit of z(t)?
3
Suppose 4*j = -3*u + 103, 2*u - 5*j = -54 + 161. What is the tens digit of u?
4
Let w(p) = 2*p**2 - 23*p - 17. Let k be w(14). Let i = k - 0. What is the tens digit of i?
5
What is the tens digit of 777/8 + (-33)/264?
9
Let p = 58 - 88. Let q be p/(-4) - (-12)/(-8). Suppose -2*s - 4 - q = -u, 0 = 3*u - 5*s - 33. What is the tens digit of u?
1
Suppose 0 = -5*z + 2*v + 3835, -5*z - 17*v = -15*v - 3855. What is the units digit of z?
9
Suppose -m = 244 - 429. What is the hundreds digit of m?
1
Suppose -22 = 2*l - r, 43 = -3*l + 2*r + 2*r. Let p be 3/(-3) + (1 - l). Let h(u) = u**2 - u + 4. What is the tens digit of h(p)?
7
Suppose 3*k - 2*k - 148 = 0. Let m be -1 + (-2 + k)*1. Suppose -2*u + m = 3*u. What is the tens digit of u?
2
Let n(q) = 2*q**2 - q. Let j(p) be the first derivative of p**3/3 - 9*p**2/2 + 16*p - 4. Let k be j(7). What is the units digit of n(k)?
6
Suppose 3533 = -11*k + 12*k. What is the tens digit of k?
3
Let q = 16 + 101. What is the units digit of q?
7
Suppose -4*z + 451 = -o + 1437, 2*o = -z + 1990. What is the hundreds digit of o?
9
Suppose -2*f = -3*d - 320, 3*f + 0*d = d + 480. Suppose 2*k = -0*k + 3*v + 43, -5*k - 3*v + f = 0. What is the tens digit of k?
2
Suppose 4*h - 148 = -5*z, 0 = 4*z + 13*h - 8*h - 113. What is the units digit of z?
2
Suppose -4*d + 4 = -5*d. Let c be 49/d + 2/8. Let h = 34 + c. What is the units digit of h?
2
Let a = 112 - 181. Let k = -36 - a. What is the units digit of k?
3
Let a(f) = -f - 2. Let n be a(4). Let r = 8 + n. Suppose 5*t - 48 = -r*p + t, 2*t = -3*p + 68. What is the tens digit of p?
2
Let c be (-332)/14 - 28/98. What is the tens digit of 3/(c/(-1948)) + (-3)/(-6)?
4
Let v = -53 - -276. What is the tens digit of v?
2
Suppose -8*k - 577 + 4561 = 0. What is the units digit of k?
8
Let u(h) = 3*h**2 + 2*h + 18. What is the hundreds digit of u(-21)?
2
Let i(b) = -237*b**3 - b**2 - 2*b - 1. Let g be 3*(2 - 35/15). What is the hundreds digit of i(g)?
2
Let a(y) = y**3 + 17*y**2 + 24*y - 3. Let j be a(-14). Let d = j + 15. What is the units digit of d?
4
Suppose 2*g - 4*g - 4 = 0. What is the tens digit of -2 - g - 142/(-2)?
7
Suppose -33*f + 19*f + 26964 = 0. What is the units digit of f?
6
Let d(y) = 2*y - 8. Let q be d(0). Let r be (-2)/(-2) - q/8. Suppose -78 = -r*k - 0*k. What is the tens digit of k?
3
Let i(z) = 8*z. Let d be (6/(-18))/((-1)/15). Let n be i(d). Suppose l = 3*l - n. What is the units digit of l?
0
Suppose -9*l + 28 = -2*l. Suppose -l*p = 0, -4*o - 3*p + 356 = -p. What is the tens digit of o?
8
Suppose 3*s - 40 = -2*s. What is the units digit of (-1)/4 - (-578)/s?
2
Let c = -350 + 108. Let d = c - -343. What is the tens digit of d?
0
Suppose 5*h = 26 + 29. Let n = 58 + h. What is the units digit of n?
9
Suppose 10*l = 5*l - 295. Let n = -10 - l. Suppose 2*f = -s + n, -5*s = -s + 4*f - 184. What is the tens digit of s?
4
Let r(s) = s + 24. Let o be r(-8). Suppose 78 = 18*l - o*l. What is the tens digit of l?
3
Let b(j) = 260*j**3 + 6*j**2 - 10. Let p(t) = -87*t**3 - 2*t**2 + 3. Let i(w) = 2*b(w) + 7*p(w). What is the units digit of i(-1)?
8
Suppose 0 = 5*g + 2*g + 28. Suppose -s - s = -14. Let z = g + s. What is the units digit of z?
3
Let x = -42 + 115. Let k = x - -53. What is the hundreds digit of k?
1
Let q(t) be the third derivative of -t**6/120 + 2*t**5/15 - 5*t**4/24 + 3*t**3/2 + 5*t**2. What is the units digit of q(7)?
3
What is the tens digit of (-3188)/(-4) - 8/((-72)/(-27))?
9
Let m be 3 - 1*(2 + -3). Suppose -m*o + 4*u = o - 244, -2*o + u = -97. What is the tens digit of o?
4
Suppose 16*q = 15*q - 2*u + 1141, q + 4*u = 1137. What is the hundreds digit of q?
1
Let n(i) = -i - 9. Let g be n(-7). Let l(h) = -8*h + 3. Let x be l(g). Suppose -f - 3 = k, x + 0 = -k - 5*f. What is the units digit of k?
1
Let w = -44 + 164. Suppose 7*d - w = 5*d. Suppose x - 44 = -5*f + 20, -d = -5*f - 5*x. What is the tens digit of f?
1
Let b(j) = -3*j**3 - 4*j**2 - 3*j + 4. Let s be b(-3). Suppose -4*k + 21 - 183 = 2*x, -4*x = -k - 45. Let p = s + k. What is the tens digit of p?
1
Suppose -832 = -2*k + 4*r, -r + 2052 = 4*k + 352. Suppose -c - 4*c = 2*x - 224, 4*x = -4*c + k. What is the tens digit of x?
0
Suppose 2*l = 3*y - 220, 3*y = 4*y + 3*l - 66. What is the tens digit of y?
7
Let q(d) = 3*d**3 - 10*d**2 - 5*d - 1. Suppose 5*s + 4*i - 14 = 0, -2*s + 0*i = 5*i + 8. What is the tens digit of q(s)?
5
Let b(i) = i**3 - 4*i**2 - 9*i + 7. Let w be b(6). Suppose -10 = 3*c - w. Suppose 3*v = -6, 0 = c*k - 0*k - v - 197. What is the units digit of k?
9
Let d(p) = p**3 + 22*p**2 + 19*p + 29. Let z be (3 - (-27)/(-6))*14. What is the units digit of d(z)?
1
Suppose 0*y - 27 = -3*y. Suppose -3*q + 988 = 4*a, -2*a + 0*q + 512 = -3*q. What is the units digit of (-26)/(-117) + a/y?
8
Let y = -962 + 1430. What is the hundreds digit of y?
4
Let c(l) = -28*l - 114. What is the hundreds digit of c(-15)?
3
Suppose -5*w = 20, -3*w + 341 = 4*r - 51. Suppose 70 = 2*i + 3*t - r, 5*i = 5*t + 365. What is the units digit of i?
8
Suppose 6*m - 5 = 8*m + 3*u, 7 = 5*m + u. Suppose -4*y + 2*y = -66. Suppose 4*k - 3*p + 4*p - y = 0, m*p - 45 = -5*k. What is the units digit of k?
7
Suppose j = -3*j - 16. Let f be (12 - (1 + j)) + -2. Let w = 14 - f. What is the units digit of w?
1
What is the units digit of -31*(-2 + 42/(-6))?
9
Let w(m) = m**2 - 52*m + 49. Let a(c) = -17*c + 16. Let f(k) = 7*a(k) - 2*w(k). Let q be f(-12). Let t = q + 131. What is the tens digit of t?
3
Suppose 4*u + 1624 = 4*t, -1194 = 3*u - 0*u + 3*t. What is the units digit of u/12*2/(-1)?
7
Suppose 5*c - 18 = -4*i, -2*i = -6*i - 12. Suppose c*x = 5*x + 9. What is the tens digit of 2/3 + 453/x?
5
Suppose 12642 - 42 = 10*m. What is the thousands digit of m?
1
Let y be 71*(-3)/(-12)*4. Let k = y - -134. What is the hundreds digit of k?
2
Suppose 12*d - 17*d = -195. Suppose 0 = 2*z + g - d, -2*z + 51 = 2*g + 3*g. What is the tens digit of z?
1
Let b(h) = h**2 - 2*h. Let z(d) = -d**3 - 3*d**2 + 5*d + 4. Let y be z(-4). Suppose l = -c - 2, c + c + 4*l = y. What is the units digit of b(c)?
4
Suppose -4*y + 10069 = 16*o - 17*o, 5*y - o = 12587. What is the tens digit of y?
1
Suppose -2*g - 12 = 2*g. Let a be (g - -99)/(-4) + -3. Let p = -19 - a. What is the units digit of p?
8
Suppose -24*g + 77*g - 100806 = 0. What is the thousands digit of g?
1
Let o(m) be the first derivative of m**4/4 + 2*m**3 - 5*m**2/2 + 8*m + 16. What is the units digit of o(4)?
8
Let d = -11 - 7. Let x = 12 + d. What is the units digit of (-10)/15 + (-154)/x?
5
Let x = -4 - 6. Let n be 505/x - 1/2. Let a = -27 - n. What is the tens digit of a?
2
Suppose 91*n - 13442 = 80*n. What is the tens digit of n?
2
Let t(m) = m**2 + 9*m + 12. Let l be t(9). Suppose 6*w = 8*w - l. What is the tens digit of w?
8
Suppose 160 = 4*o - 8488. What is the hundreds digit of o?
1
Let w(q) = 4*q + 1. Let a be w(1). Let c(t) = -a*t + 8 + 5*t**2 - 4*t**2 - 2*t. What is the units digit of c(6)?
2
Suppose 4*y + 3*p = 164 + 5027, 5215 = 4*y - 5*p. What is the hundreds digit of y?
3
Suppose 4*i - 23 = -5*y, i = -y + 3*i - 1. Let v = 8 + -3. Suppose -v*a - 3*l + 155 = 2*l, y*a - 83 = -5*l. What is the units digit of a?
6
Let t = 71 - 68. What is the tens digit of (1/t)/(3 + 1448/(-483))?
6
Suppose 0*a + 2*a + 6 = 0. What is the units digit of 6/(-4)*8/a?
4
Suppose 2*h + 19*g + 33 = 18*g, g = 1. Let q(o) = o**3 - 4*o**2 - 4*o - 3. Let t be q(4). Let a = h - t. What is the units digit of a?
2
Let w(c) = 126*c + 4. What is the hundreds digit of w(7)?
8
Let m = -89 - -94. Suppose -f - m*n + 86 = 0, -3*n - 187 = -4*f + 42. What is the tens digit of f?
6
Suppose -28*x + 6372 = -10*x. Let m = x + -102. What is the units digit of m?
2
Let o(x) = -16 - 13*x + x**2 + 9 + 8. What is the tens digit of o(15)?
3
Let h(f) = 467*f**2 - f + 6. Let u be h(2). Suppose -23*n + 